. Let z = t - 7. What are the prime factors of z/4*(-104)/(-12)?
13
Suppose 8*p = 12 - 4. List the prime factors of (0 + (-2)/(-6))*(140 + p).
47
Let k(g) = -g**3 + 6*g**2 + 8*g - 3. Let u be k(7). What are the prime factors of (77 - u)*1 + 0?
73
Suppose 0 = -7*l + 12*l + 25. What are the prime factors of 19 - l/(10/(-4))?
17
Suppose 125 = -3*b - f, -4*b + 6*f - 3*f = 184. Suppose -20 - 44 = -n. Let g = n + b. List the prime factors of g.
3, 7
Let l = 583 - 317. What are the prime factors of l?
2, 7, 19
Let t = -37 + 45. Let y(n) = n**2 + 2*n + 3. List the prime factors of y(t).
83
Let x = 16 - 16. Suppose -r + x*g + 4*g = -12, 14 = r - 5*g. Suppose -4*k - 207 = -3*c - k, k = r*c - 279. List the prime factors of c.
2, 5, 7
Suppose 0 = 5*p + 5*n - 12125, -6*p + 8*p - 4820 = 4*n. What are the prime factors of p?
2, 5, 11
Let t = 1342 + -128. List the prime factors of t.
2, 607
Suppose -25 = -5*v, b + v + v - 314 = 0. Suppose 0 = 5*m + 3*z - b, -2*z + 171 = 3*m - 4*z. List the prime factors of m.
59
List the prime factors of (-52 + 23)/((-2)/22).
11, 29
List the prime factors of ((-3)/(-1))/((391/23)/5797).
3, 11, 31
Let t be 32/(-16) + -1 + 295. Suppose 3*h - 2*h - 5*i - 135 = 0, t = 2*h + i. What are the prime factors of h?
5, 29
Let s = 15 - -12. What are the prime factors of (2 + 1)*(s - 0)?
3
Let m be ((-16)/(-6))/(16/24). Let q be 1/m - 436/16. Let w = -5 - q. List the prime factors of w.
2, 11
Let d = -325 - -548. List the prime factors of d.
223
List the prime factors of (3 - 15)*(-4720)/15.
2, 59
Let x be 84/35 + 2/(-5). Suppose -2*y = x*y. Suppose y = a - 0*a - 24. What are the prime factors of a?
2, 3
Let o = -85 + 94. Let y(v) = 4*v + 9. List the prime factors of y(o).
3, 5
Let n be (-1)/4*(-33 + -3). Suppose -n*o = -4*o - 105. What are the prime factors of o?
3, 7
Suppose 2*z + 29 = -4*u - 247, z + 3*u + 135 = 0. Let c = 146 + z. List the prime factors of c.
2
Let y be (-6)/60*6 + (-18)/(-5). List the prime factors of (-67)/y*-3*7/7.
67
Let a(u) = -u**3 - 6*u**2 - 2*u + 2. Let g be a(-6). Let c be (2/1)/(4/10). Suppose c*o = g + 171. List the prime factors of o.
37
Suppose 1620 = -r + 4334. What are the prime factors of r?
2, 23, 59
Suppose -5*f = -3*b + 130, 10*f - 72 = -2*b + 6*f. What are the prime factors of b?
2, 5
Suppose 0 = -9*b - 14*b + 759. What are the prime factors of b?
3, 11
Let o(q) = -11*q**2 - 33*q - 86. Let x(j) = 5*j**2 + 16*j + 43. Let v(i) = 2*o(i) + 5*x(i). What are the prime factors of v(-10)?
7, 29
Suppose -1 = 3*w + 17. Let q be ((-4)/w)/((-2)/(-45)). Suppose -43 = -4*y - q. List the prime factors of y.
7
Let o = -208 + 465. List the prime factors of o.
257
Let o be 9/(-4)*16/(-12). Suppose 47 = f + o*g + 2*g, 4*f - 238 = 5*g. List the prime factors of f.
3, 19
Suppose 8*m = 2*m - 1578. Let v = m + 376. What are the prime factors of v?
113
Let k(c) = 4*c**2 + 21*c + 18. Let t be k(-11). Suppose -s + t = 2*a - 0*a, 0 = -4*s + 20. What are the prime factors of a?
7, 19
Let t(p) = -p**3 - 10*p**2 + 7*p + 25. List the prime factors of t(-13).
3, 7
Suppose -5*k + 950 = -2*r - 1285, -4*r = -3*k + 1327. List the prime factors of k.
449
Let l(d) = -d**3 - 5*d**2 - 31*d - 36. What are the prime factors of l(-12)?
2, 3, 7
Let h be 3/(-3)*12/(-4). Let c(z) = -7*z**h + z**2 + 17 + 5 + 6*z**3. List the prime factors of c(0).
2, 11
Let w(l) = -l**3 - 4*l**2 + 7*l + 6. Suppose 4*i = i + 78. Suppose v = 4*r + i - 3, -r - 2*v - 8 = 0. List the prime factors of w(r).
2, 3
Let s(j) = j**2 - 8*j + 15. Let y be s(6). Suppose q + y*q + 3*w = 98, 0 = -4*q - 5*w + 94. List the prime factors of q.
2, 13
Suppose o - 19 = -2*o - l, 4*l = -2*o + 6. Let x(i) = -50*i - 6. Let v(w) = -33*w - 4. Let h(c) = o*v(c) - 5*x(c). List the prime factors of h(1).
3, 7
Let s = -4 + 4. Let z(w) = -3*w + s*w - 12 - 2*w - 3*w. What are the prime factors of z(-6)?
2, 3
Let k(p) = -17*p - 9. Let j = 50 + -55. List the prime factors of k(j).
2, 19
Let u = -2090 - -696. List the prime factors of -4 + (u/(-10) - 8/20).
3, 5
Let r be (-2 - 0 - -1)*-3. Suppose -n = -r*n - 6. Let a = 8 + n. List the prime factors of a.
5
Let t be (-6)/21 - (-1017)/7. Let c(j) = -12*j + 87. Let b be c(7). Suppose -5*l = -v + 6*v - t, 5*v = -b*l + 91. What are the prime factors of l?
3
Suppose -2*o + 15 = 3*o. Suppose -o*d - d = 0. Suppose 4*t + 2*q + d*q - 30 = 0, -4*t + 3*q = -25. What are the prime factors of t?
7
Suppose 3*n - 4116 = -4*n. List the prime factors of n.
2, 3, 7
Let b = -187 - -351. Suppose 2*n + 5*d = b, -3*n + 165 = -2*d - 81. What are the prime factors of n?
2, 41
Suppose 5*g + f - 491 = 0, -101 = -g - 4*f + f. Suppose -4*y + g = v - 0*y, 0 = 2*v - y - 151. List the prime factors of v.
2, 3, 13
Suppose 2*y + y + 20 = -b, 0 = 2*b + 4. What are the prime factors of 131 - (1 + (y - -2))?
2, 67
Let y(r) = -r - 1. Let p be y(2). Let c be 2/(4*p/(-72)). Suppose 0 = 4*k - c, 0 = -5*v + 3*k + 133 + 23. What are the prime factors of v?
3, 11
Suppose -4*m + q + 4*q + 1892 = 0, 2*q + 1412 = 3*m. What are the prime factors of m?
2, 3, 13
Let v(a) = a - 3. Let i be v(6). Let u be (1/i)/((-8)/(-648)). Suppose 0 = 5*x + 2*h - h - 127, -x - h + u = 0. What are the prime factors of x?
5
Let v = -36 + 40. Suppose v*m - 340 = -m. What are the prime factors of m?
2, 17
List the prime factors of ((-68100)/90)/(6/(-9)).
5, 227
Let u(z) = -4*z + 2*z - 5*z - z + 8. What are the prime factors of u(-6)?
2, 7
Let s(d) = d**3 + d + 2*d**3 + 4 + 2 - 2*d**3 - 6*d**2. Let h be s(6). What are the prime factors of 715/30 - (-2)/h?
2, 3
Let z = -79 + 1823. What are the prime factors of z?
2, 109
Let j = 143 + 144. Let i = j - 19. List the prime factors of i.
2, 67
Let g(p) = 4*p - 16. Let a(z) = 1. Let t(i) = -i**2 + 10*i + 9. Let k(j) = 5*a(j) - t(j). Let d be k(11). List the prime factors of g(d).
2, 3
Let o(w) = -1. Let z(n) = -n**3 - 2*n**2 + n + 2. Let i(a) = o(a) + z(a). What are the prime factors of i(-4)?
29
Let j(v) = 241*v**3 + 3*v**2 - 2*v - 1. List the prime factors of j(1).
241
Suppose 0 = 2*h - i - 915, 10*i = 4*h + 5*i - 1833. List the prime factors of h.
457
Let r be 4/(-26) + (-335)/(-65). Let d = -1 + r. What are the prime factors of 16*4/(16/d)?
2
Let g be 4/22 - 522/(-33). Let h(j) = 3*j + 12. What are the prime factors of h(g)?
2, 3, 5
Let l be 361/(-6) - ((-1)/(-6))/(-1). Let f = 135 + l. List the prime factors of f.
3, 5
Let x = -3804 - -10109. What are the prime factors of x?
5, 13, 97
Suppose 7*j = 18*j + 1067. Let n = 391 + j. What are the prime factors of n?
2, 3, 7
Let w be (-36)/(-14)*(-770)/(-15). Suppose -11*g + w = -7*g. Let y = 46 - g. What are the prime factors of y?
13
Let l(u) = -27*u - 22*u + 45*u - 22. List the prime factors of l(-12).
2, 13
Suppose 0 = -9*c - 3*c + 60. What are the prime factors of (c/(-4))/(1/(-124))?
5, 31
Suppose -2*p = -f - 3969 - 682, -2*f = -3*p + 6975. List the prime factors of p.
13, 179
Let z = -230 - -836. Let a = z + -364. List the prime factors of a.
2, 11
Let d = -33 - -46. Let m(f) = 4*f**2 - d*f - 1 + 19*f - f**3 + 4. What are the prime factors of m(5)?
2
Let m be (-2 + (5 - 3))/1. Suppose m = -2*d - d. Suppose d = w - 4, 2*t - 4*w = 25 + 69. What are the prime factors of t?
5, 11
Let c(a) = -7*a**2 - 4*a + 2. Let x be c(3). Suppose -73 = 3*y + 44. Let n = y - x. List the prime factors of n.
2, 17
Suppose -56 = -2*w + 276. Suppose -2*u = -4*u + w. Suppose 4*g - 3 = c + u, -4*c + 34 = 2*g. List the prime factors of g.
3, 7
Suppose 4*m + 5*s + 230 = -m, 0 = 5*m - 5*s + 230. Let a be (-1)/(2 + 93/m). Let i = -29 + a. List the prime factors of i.
17
Suppose -7*a + 232 = -8273. List the prime factors of a.
3, 5
Let v(f) be the second derivative of -f**5/20 - 5*f**4/4 - 13*f**3/6 - 16*f**2 - f. What are the prime factors of v(-15)?
163
Let h = 0 + 0. Suppose 2*r + 1 - 155 = h. List the prime factors of r.
7, 11
Let u(j) = -3*j**2 + 7*j. Let i = 17 - 22. Let t(n) = 7*n**2 - 15*n + 1. Let z(r) = i*u(r) - 2*t(r). List the prime factors of z(7).
2, 3
Let f = 23 + -21. Let a(j) = 5*j - f*j - 4*j + 2. List the prime factors of a(-4).
2, 3
Suppose 103*k - 228 = 97*k. List the prime factors of k.
2, 19
Let p = -5213 + 7397. List the prime factors of p.
2, 3, 7, 13
Let b = -1474 - -2170. List the prime factors of b.
2, 3, 29
Suppose